ens digit of v?
9
Suppose -5*a - 24 = -5*c - 4, 4 = 3*c + a. Let d be (-9)/(-1 - c) + 32. Suppose -4*g - 4 = 6*p - 2*p, -3*g = -5*p + d. What is the units digit of p?
4
Let c be (1 + 0)*(-4)/(20/25). Let m(j) = -j**3 + 5*j**2 - 15. What is the hundreds digit of m(c)?
2
Let b = 486 + -190. Suppose -b = 17*p - 3560. What is the tens digit of p?
9
Suppose 3*u + 12 = 3, u + 2123 = 5*m. What is the tens digit of m?
2
Suppose 2*v - 5*w - 50 = 27, 4*w - 32 = -v. What is the units digit of v?
6
Let l be (-2)/7 - (-7364)/49. Suppose -3*u - 2*u = -l. What is the units digit of u?
0
Let z = 12 + 16. Suppose -w + 5*a = -0*w - z, 4*w - 3*a - 197 = 0. What is the tens digit of w?
5
Suppose 2*y = -0*y - 2. Let l be (-9 + 8)/(y/5). Suppose l*b - 253 = -33. What is the units digit of b?
4
Suppose 22 = -3*q + 5*z, 10 = 4*z + 2. Let t(a) be the third derivative of a**5/30 - a**4/6 - 2*a**3/3 - 11*a**2. What is the tens digit of t(q)?
4
Let c(a) = a + 469. What is the tens digit of c(0)?
6
Suppose 6 = -m - 2*z + 13, 4*m - 5*z = 2. Suppose 3*y + 3*t = 540, m*y - 4*t - 296 = 209. Suppose b - y = -4*b. What is the units digit of b?
5
Let d be (-8)/3*(17 + 1). Let s = d - -31. Let f = 21 + s. What is the units digit of f?
4
Suppose 2*h - 12 - 18 = 5*i, 5*h = 3*i + 37. Suppose -g = 5*l - 30, -g = -h*l + l + 15. Suppose -l*m = -m - 216. What is the tens digit of m?
5
Suppose c - 10 = 3*c. Let l(r) = -8*r - 4. What is the units digit of l(c)?
6
Let k = 756 + 215. What is the hundreds digit of k?
9
Let b be ((-3 - -1)*1)/(16/(-88)). Let s(r) = 2*r**2 - 12*r + 24. What is the hundreds digit of s(b)?
1
Let z = 433 - -101. What is the hundreds digit of z?
5
Let b be (5334/(-7))/((-6)/8). Suppose -8*i + 0*i = -b. What is the tens digit of i?
2
Let r(j) = -6*j**2 - 30*j + 18. Let c(m) = -m**2 - 5*m + 3. Let n(l) = -39*c(l) + 6*r(l). What is the tens digit of n(-13)?
0
Let s = -22 - -21. What is the hundreds digit of 150 - (0 + -4)*s?
1
What is the units digit of (-1)/(1/(-47)) + -4 + 4?
7
Let o be (-232)/(-32) + 3/4. Let s(z) = -z + z**2 + 0 + 0 - 5. What is the tens digit of s(o)?
5
Suppose -2*b - 5*x + 697 = 0, 0*x = 3*b - x - 1054. Suppose -122 = 5*o - 5*z - 477, -5*o + z = -b. What is the units digit of o?
0
Let i be ((-1402)/4)/(40/16 - 3). Suppose -4*r = 3*f + 2*f - i, -r - 5*f = -164. What is the units digit of r?
9
Suppose 0 = 4*u + 5*w - 4*w + 1, 23 = -2*u - 5*w. Suppose -4*l - 50 = -2*r, 2 + 20 = r - l. Let z = r + u. What is the units digit of z?
0
Suppose -3*u = 4*s - 1919, -4*u + 5*s + 1955 = -u. What is the tens digit of u?
4
Let d(r) = 2*r**2 + 3*r + 6. Suppose -5*c = -148 + 108. What is the tens digit of d(c)?
5
Let j(v) = 105*v - 45. What is the units digit of j(6)?
5
Let w(s) = -s - 2. Let x be w(-10). Suppose 8 = -4*t + x*t. Suppose 5*c = -35 + 10, t*c - 2 = -2*b. What is the units digit of b?
6
Suppose -311 + 211 = -5*p. What is the tens digit of p?
2
Let t(h) = -2*h + 4. Let i be t(-9). Suppose -i*l = -26*l + 24. What is the units digit of l?
6
What is the thousands digit of (10056/(-20))/(6/(-20))?
1
Suppose 3*i - 1740 = -3*k, 1156 = 7*k - 5*k - 2*i. What is the hundreds digit of k?
5
Let c(s) = -s**2 - 9*s + 784. What is the hundreds digit of c(0)?
7
Let d be (-2490)/(-50) + (-1)/(-5). Let a = d + -34. What is the units digit of a?
6
Let i = -2175 - -2547. What is the units digit of i?
2
Let r(o) = 80*o**2 - 3*o - 2. What is the tens digit of r(3)?
0
Let t(d) = -7*d**3 + 2*d**2 - 3*d - 1. Let u(a) = -15*a**3 + 4*a**2 - 5*a - 2. Let f(m) = -5*t(m) + 3*u(m). What is the units digit of f(-2)?
7
Suppose k + 0 = 2. Suppose -k*w - w = 0. Suppose 4*m + 5*z - 56 = w, -2*z = -4*m - 4*z + 44. What is the units digit of m?
9
Let j = 11 + 29. Suppose 0 = g - j + 3. What is the tens digit of g?
3
Suppose -6*g + 969 = -693. What is the tens digit of g?
7
Let h be (-4)/2*(-9 + 8). Suppose 80 = h*z - 30. What is the units digit of z?
5
Let x be 2 + -3 + -3 + 7. Suppose -x*u = r - 23, -u = -2*r - 1 - 2. Suppose 5*o - u*o = -80. What is the units digit of o?
0
What is the tens digit of (77 - 6)/((-4)/(-752)*4)?
3
Suppose 0 = 37*r - 25*r + 7908. Let n = r - -923. What is the hundreds digit of n?
2
Let p = -19 - -23. Suppose -4*t - 2*x + 44 = -16, 16 = p*x. What is the tens digit of t?
1
Suppose 2 = -5*c - 3. Let y be c*42/3*-1. Let h = y + -5. What is the units digit of h?
9
Let y be (-30)/9*(-42)/35. Suppose -5*i - 1297 = -5*n - y*i, -4*i + 1287 = 5*n. Suppose -t + 5*h = -35, -5*h - n = -5*t - h. What is the units digit of t?
5
Let o be (-520)/6 - 38/(-57). Let u = -196 + o. What is the units digit of u/(-5) + (-10)/25?
6
Suppose -3*z - 8*s + 4*s = -12560, 2*z + 4*s = 8380. What is the units digit of z?
0
Let x(s) be the third derivative of -11*s**2 + 11/24*s**4 - 1/3*s**3 + 0*s + 0. What is the units digit of x(1)?
9
What is the hundreds digit of (-14 - (-9357)/(-2))*12/(-10)?
6
Suppose -4*g + 33 = -5*o - 324, -4*g = 8. Let q = 104 + o. What is the units digit of (q/1 + 1)/2?
6
Let v(m) = -m**3 - 9*m**2 + 12*m + 14. Let c be v(-10). What is the tens digit of (c/(-12)*-2)/(2/(-34))?
1
Let x be 2 - (-3 + 0 + 2). Suppose -x*g + 123 + 201 = 0. What is the units digit of g?
8
Let p be -12*(10/(-3) + 3). Suppose -p*f + 7 + 5 = 0. Suppose 2*g - l = 23, -4*g + 2*g = f*l - 19. What is the tens digit of g?
1
Let u(g) = 8*g + 2064. What is the hundreds digit of u(0)?
0
Suppose 125*p - 36*p = 274031. What is the hundreds digit of p?
0
Let u(w) = -w**3 - 5*w**2 + 2*w + 16. Let j(r) = 2*r**3 + 9*r**2 - 3*r - 33. Let b(l) = -2*j(l) - 5*u(l). What is the units digit of b(-6)?
6
Let y = 2235 + -1470. What is the units digit of y?
5
Suppose -153*y + 148*y = -5795. What is the units digit of y?
9
What is the hundreds digit of 1373 + ((-3)/(-12))/(1/20)?
3
Let y(c) = -15 + 2*c - 2*c - 18 - 5*c. What is the tens digit of y(-9)?
1
What is the hundreds digit of (-1284)/(-2) - 54/(-27)?
6
Suppose 0 = j + 10 + 11. Let a = j + 24. Suppose a*y + 36 = 4*x - y, -x + 9 = -5*y. What is the units digit of x?
9
Let s = 1454 - 415. What is the units digit of s?
9
Let o = -36 - -2. Let v = o + 118. What is the tens digit of v?
8
Let p(o) = -2*o - 7. Let r = -7 - -1. Let v be p(r). Suppose 4 = v*s - 16. What is the units digit of s?
4
Let s(v) = 9*v**3 - 3*v - 1. What is the tens digit of s(4)?
6
Let a(v) = -8*v**3 + 69*v**2 - 27*v + 11. What is the tens digit of a(8)?
1
Suppose -4*w + 2 = -5*v + 1, -w - 8 = -4*v. Suppose 0 = v*t + 9, 0*r - 2*r + 2*t + 58 = 0. What is the units digit of r?
6
What is the hundreds digit of 165 + -3 + 0 + 0 - 1?
1
Suppose -3*l + 2 = -f + 1, 2*f + 8 = 0. What is the units digit of ((-18)/(-8))/(l/(-12))?
7
Suppose -7*y + 2*y - 4*j = -14, -5*y = -3*j - 7. Suppose y*a = 3*a - 214. What is the units digit of a?
4
Suppose -8 = -2*r, 0 = 3*b + 2*b + r - 119. Suppose -2*s = -p + 4, 5*p = -0*s + 3*s + 48. Let q = b - p. What is the tens digit of q?
1
Let r be (-596)/(3/((-6)/4)). Suppose -r = -5*d + 4*n, d - 52 = -n - 2*n. What is the units digit of d?
8
Let y = -3 - -8. Let z(v) = 2*v**2 - 3*v + 2. Let b be z(y). Let l = -14 + b. What is the units digit of l?
3
What is the hundreds digit of 6/2*(2048/12 + -1)?
5
Suppose 5*v + 2*p = 1509, -3*v + 20*p + 924 = 15*p. What is the hundreds digit of v?
3
What is the units digit of (-155)/(-62) + (2/4)/(-1)?
2
Let j be (-4)/(-6)*1*3. Suppose 0 = -2*c - 4*x + 158, 3*c - j*x = 101 + 136. What is the tens digit of c?
7
Let x(h) = -2*h**2 + h + 437. What is the hundreds digit of x(0)?
4
Let u(o) = 2*o**2 + 20*o. Let l be u(-10). What is the units digit of (18/(-27))/((-1)/51 - l)?
4
What is the tens digit of 2/4*(-44244)/(-18)?
2
Suppose 30 = 20*u - 5*u. Suppose 0 = -3*r - 15, 4*r = -3*v + u*v + 156. What is the tens digit of v?
7
Let i be 166/(-3) - (-40)/30. Let k = 160 + i. What is the tens digit of k?
0
Suppose 4*b - 2 = -2*v, -18 = 2*b - 2*v - 4. Let n(x) be the first derivative of -3*x**4/4 - 2*x - 4. What is the tens digit of n(b)?
2
Suppose 0*o - 9 = -3*o. Let s be o + 6/(-3) - -3. Suppose -s*y + 5*y - 38 = 0. What is the tens digit of y?
3
Let x(l) = 2*l. Let f(s) = -2. Let t(r) = 2*f(r) - 6*x(r). What is the units digit of t(-5)?
6
Let h(g) = 5*g + 7. Let t(u) = u**3 + 7*u**2 - 2*u - 10. Let w be t(-7). Let l be (96/56)/(w/14). 